= -i*h, -4*h = -2*w - 16. Calculate the highest common divisor of h and x.
2
Let a be 3/((-8)/(-14) + 5/175). Suppose 286 = a*f - 374. Calculate the greatest common divisor of 99 and f.
33
Let p(k) = 32*k**2. Let q be p(1). Let g(z) = 49*z - 1828. Let s be g(68). What is the greatest common divisor of q and s?
32
Let l(r) = 3*r + 24. Let t be l(13). Let h be (-4 + (-22)/(-4))*(30 + 24). Calculate the greatest common factor of t and h.
9
Let k be (16 - 5)/((-2)/(-28)*2). Let v = 33 + -20. Suppose q - v = -2*a + 2, -q = a - 8. Calculate the greatest common factor of a and k.
7
Suppose -4*s = 2 - 10. Suppose -s*t = -4*a + 41 - 179, -5*a = -3*t + 207. Calculate the greatest common factor of 552 and t.
69
Suppose 213 = -60*x + 61*x. Let t = 573 - x. Calculate the greatest common factor of t and 9.
9
Let t(n) = -22*n + 146. Let a be t(31). Let p = 546 + a. Suppose -5*f + 30 = -2*f. Calculate the highest common divisor of p and f.
10
Let t be (-2*2/1)/1. Let c(d) = -d + 17. Let z be c(t). Suppose -h + 25 = z. Calculate the highest common factor of h and 10.
2
Suppose 5*h + x = 18, 0 = -2*h - 3*h + 3*x - 14. Calculate the greatest common divisor of 522 and h.
2
Suppose -2*w - 2 + 18 = 5*j, -2*j + 5*w = -18. Suppose 0 = -0*b - j*b + 3*x + 47, 4*x = b - 28. Let m = 13 + b. Calculate the highest common factor of 21 and m.
21
Suppose -5*g = -15, 4 + 4 = q - 2*g. Suppose 0 = -0*h + 3*h - 504. Suppose -o - q = -h. What is the greatest common factor of 22 and o?
22
Let a be (-7)/(-21)*(2 - 2). Suppose -t - 5*f + 278 = 0, -2*t + a*f + 574 = f. What is the greatest common divisor of t and 4?
4
Let j = -5 + 10. Suppose 3*i - 22 = -z, -z + j = -i - 17. Calculate the highest common divisor of z and 176.
22
Let c be (9 + 1)/(2*1). Suppose 0 = 3*k + c - 83. Suppose 0 = 30*a + 22 - 412. Calculate the greatest common factor of k and a.
13
Suppose -15*w - 8 = -7*w. Let q(i) = -36*i**3 - i**2 - 3*i - 2. Let t be q(w). Calculate the greatest common divisor of t and 24.
12
Suppose -3*h - 3*w + 17037 = 0, -12824 = -5*h + w + 15607. Calculate the greatest common factor of 15 and h.
15
Let v = -9905 + 10224. Calculate the highest common factor of 77 and v.
11
Suppose 997*q - 1173 = -5*r + 994*q, 4*q + 669 = 3*r. What is the highest common factor of 528 and r?
33
Suppose 644 = -32*m + 4*m. Let k be ((-78)/663 - m/51)*18. Calculate the greatest common divisor of k and 69.
3
Let x be (0 + 8/(-20))/((-20)/300). Calculate the greatest common divisor of x and 3714.
6
Let p = 624 - 613. Calculate the highest common divisor of 1683 and p.
11
Let n = -229 - -489. Suppose -6*f + 11*f = n. Suppose -1411*t + 1438*t - 108 = 0. What is the highest common divisor of t and f?
4
Let q be (-694218)/(-20) - (-15 - -7 - (-316)/40). What is the highest common divisor of 337 and q?
337
Suppose -35*g = -54865 + 7370. What is the greatest common divisor of 1219 and g?
23
Let d be (10/(-25))/((-1)/135). Suppose 3 = -2*h + 3*a + 10, -d = -4*h - 2*a. Calculate the greatest common divisor of h and 451.
11
Suppose -i - 1 = 5*q, 437*q + 25 = 432*q. Let z be (9/3)/((-1)/(-18)). What is the highest common factor of z and i?
6
Let b be 0/(-4) + (-4)/(-2). Let x be (16/(-56) - 204/(-28)) + -4. Suppose q = -b*d, 2*d - 5 = -x*q + 7. Calculate the highest common factor of q and 6.
6
Suppose -5*v = 4*t + 3055, 1816 = -3*v - 0*t + t. Let r = v - -646. What is the highest common divisor of 312 and r?
39
Suppose -q - 15 = -3*p, 9 = -5*q + 6*q + 3*p. Let o be (9/q*1)/(12/(-40)). Suppose -2*c - c = -60. What is the highest common factor of c and o?
10
Let t(f) = f**3 + 4*f**2 - 12*f + 6. Let n be t(-6). Let a be (3 + 68/(-12))/((-4)/6). What is the highest common divisor of n and a?
2
Let b = 471 + 61. Let q(o) = o**2 + 702*o - 14364. Let l be q(20). Calculate the greatest common divisor of b and l.
76
Suppose v + 6 = 3*d, 5*v - d + 2 = 3*v. Suppose v = -4*k - 0*k - 2*f + 126, 4*f = 5*k - 125. What is the highest common divisor of k and 87?
29
Let t(f) = -f - 2. Let v(z) = -z - 5. Let m(w) = -10*t(w) + 4*v(w). Let a be m(-4). Let o = a + 68. Calculate the greatest common factor of o and 11.
11
Suppose -3*p = 5*q - 3364, 5648 = 7*p - 2*p - 2*q. Calculate the greatest common factor of 3 and p.
3
Let s be (-135)/3*(-76)/38. Let j be -5*((-22 - -1) + 0). What is the greatest common divisor of s and j?
15
Suppose 0 = -2*s + 6*s + 2*x - 7226, -5*s = 4*x - 9028. Calculate the greatest common factor of s and 144.
16
Suppose 2*r - 601 = -k, 168*k - 172*k = -r - 2440. Calculate the highest common divisor of 63 and k.
21
Suppose 4*v + 2648 = -3*u - 2505, -5*v - 6871 = 4*u. Let b = -1701 - u. Suppose 241 = 4*c + 61. Calculate the greatest common factor of c and b.
9
Let o(l) = 467*l**2 + 231*l - 1605. Let w be o(7). Calculate the highest common divisor of w and 190.
95
Let q be (-8)/((-14)/(-8) - 2). Suppose -52*g = -56*g - 4*x + 132, 3*g + 4*x = 100. Calculate the greatest common divisor of q and g.
32
Suppose -6*r = -2*r - 40. Suppose 5*z - 110 - r = -5*f, -121 = -5*f - 4*z. Let g be (1 - 0) + -6 + f. What is the greatest common factor of g and 4?
4
Let p = -22681 - -22793. Calculate the greatest common factor of p and 3008.
16
Let d be ((-129)/5)/(399/(-12635)). Calculate the highest common factor of 152 and d.
19
Suppose 10*q + 5*q = 0. Let g = 64 - q. Calculate the greatest common divisor of g and 64.
64
Let q = -4799 + 5111. Calculate the highest common divisor of q and 3068.
52
Let j(d) = 36*d**3 - d**2. Let l be j(1). Suppose -78 = l*k - 32*k. Let g be 1888/104 - (-4)/k. What is the highest common divisor of g and 90?
18
Let o be (34/(-6))/(2/(-6)). Suppose 40*n = 42*n - 664. Let a = 468 - n. Calculate the highest common divisor of o and a.
17
Let t = 83 - -186. Suppose t = 21*i - 3301. Calculate the highest common factor of i and 102.
34
Suppose -4*b + 484 = 4*d, -129*d + 5*b - 239 = -131*d. What is the highest common factor of d and 11163?
61
Let u = -70 - -109. Let o(j) = j**2 + 109*j + 26. Let a be o(-109). What is the highest common divisor of u and a?
13
Let w be (5 + 4 + (-273)/35)*15/9. Calculate the highest common divisor of w and 14114.
2
Let y = 32504 + -31489. What is the highest common factor of y and 1435?
35
Suppose 131 = -l + 153. Suppose m - 11 = -4*f, -3*m - 5*f - 6 = -39. What is the highest common factor of m and l?
11
Let t = -46 + 36. Let n(w) = w + 14. Let d be n(t). Suppose 4*l + 5*q = 32, -5*l = q + d*q - 40. What is the greatest common divisor of l and 4?
4
Let c = -198 + 200. Let g = 78 + c. What is the greatest common divisor of 64 and g?
16
Suppose 18*b = 20*b + 19*b - 5355. Calculate the highest common factor of 315 and b.
15
Suppose -259178 = -20*k - 18*k + 1269448. Calculate the greatest common factor of k and 138.
69
Suppose 2 = -k, -3*g + 0*g + 3*k + 210 = 0. Let w(j) = -2*j + 252. Let v be w(11). Let i = -226 + v. What is the greatest common factor of i and g?
4
Let z(v) = -1742*v + 48920. Let a be z(28). Suppose 69 = -2*p + 177. What is the greatest common divisor of p and a?
18
Suppose 0 = 13*r + 23*r - r - 4165. Calculate the greatest common divisor of r and 175.
7
Let z = -80 + 300. Let l = z - 124. Let x = 6337 + -6325. What is the greatest common factor of x and l?
12
Let i(k) = 16*k + 4. Let c be i(6). Suppose 386*w = 375*w + 5060. Suppose -w = 22*f - 45*f. Calculate the highest common factor of f and c.
20
Suppose 3*r - 52 = -2*m, -88 = 5*m - 9*m - 4*r. What is the highest common divisor of 6503 and m?
7
Let a = 10947 + -10787. Let d be 2 - 1 - (1 - 16). What is the highest common factor of a and d?
16
Suppose 5*f - 3*k + 124 = 223, 3*f + 2*k - 48 = 0. Calculate the greatest common factor of 1236 and f.
6
Suppose l + 3*i - 5 = -l, -4*l + 13 = 3*i. Let y(j) = -9*j - 15*j - 24 + 15*j + l. Let f be y(-8). Calculate the highest common factor of 416 and f.
52
Suppose 82*v - 84*v + 3*z = -158641, 4*v = -4*z + 317332. What is the highest common divisor of 16 and v?
16
Let n(x) = -2*x - 4*x - x**2 + 5 - 4 + 0*x. Let d be n(-5). Let q be (6/(-10))/((-9)/90 + 0). What is the highest common divisor of q and d?
6
Let m be (42/5)/(((-55)/880)/((-15)/4)). What is the greatest common factor of 414 and m?
18
Let r = 660 + -658. Suppose -r*u = -u - 2*t - 81, 3*u - 221 = -5*t. What is the h